What are the prime factors of 7569125?
5, 19, 3187
What are the prime factors of 6692521?
11, 608411
List the prime factors of 415402.
2, 13, 1229
List the prime factors of 37731.
3, 12577
List the prime factors of 1587865.
5, 227, 1399
List the prime factors of 19106962.
2, 7, 241, 809
List the prime factors of 129492.
2, 3, 11, 109
What are the prime factors of 460272?
2, 3, 43, 223
What are the prime factors of 658237?
23, 28619
What are the prime factors of 438670?
2, 5, 43867
List the prime factors of 2284207.
2284207
What are the prime factors of 4928235?
3, 5, 13, 127, 199
What are the prime factors of 2502769?
61, 89, 461
List the prime factors of 154325.
5, 6173
List the prime factors of 400257.
3, 11, 13, 311
List the prime factors of 1433500.
2, 5, 47, 61
List the prime factors of 14548642.
2, 19, 97, 3947
What are the prime factors of 7926675?
3, 5, 17, 6217
What are the prime factors of 17800?
2, 5, 89
What are the prime factors of 1501617?
3, 13, 139, 277
What are the prime factors of 7451418?
2, 3, 13, 95531
What are the prime factors of 1652131?
13, 167, 761
What are the prime factors of 5682323?
773, 7351
What are the prime factors of 128430?
2, 3, 5, 1427
List the prime factors of 2422778.
2, 1211389
List the prime factors of 2519987.
1019, 2473
What are the prime factors of 3813732?
2, 3, 13, 29, 281
List the prime factors of 205836.
2, 3, 17, 1009
List the prime factors of 324164.
2, 81041
What are the prime factors of 9002651?
7, 1286093
What are the prime factors of 20293863?
3, 6764621
What are the prime factors of 162004?
2, 101, 401
What are the prime factors of 9734644?
2, 359, 6779
What are the prime factors of 12076901?
73, 165437
What are the prime factors of 4058589?
3, 1352863
What are the prime factors of 275979?
3, 11, 8363
What are the prime factors of 10449177?
3, 3483059
List the prime factors of 539758.
2, 269879
List the prime factors of 2737759.
23, 119033
What are the prime factors of 272491?
43, 6337
What are the prime factors of 497308?
2, 7, 17761
List the prime factors of 223489.
7, 4561
What are the prime factors of 33083?
33083
What are the prime factors of 3643234?
2, 7, 260231
List the prime factors of 271105.
5, 59, 919
What are the prime factors of 454441?
13, 2689
What are the prime factors of 11790364?
2, 89, 33119
What are the prime factors of 1181306?
2, 7, 19, 4441
What are the prime factors of 1117617?
3, 372539
List the prime factors of 81698.
2, 40849
What are the prime factors of 818226?
2, 3, 131, 347
What are the prime factors of 1808493?
3, 602831
What are the prime factors of 4036951?
67, 89, 677
List the prime factors of 656506.
2, 17, 19309
List the prime factors of 206931.
3, 23, 2999
What are the prime factors of 658786?
2, 329393
List the prime factors of 6129855.
3, 5, 179, 761
What are the prime factors of 381291?
3, 149, 853
What are the prime factors of 1745883?
3, 17, 11411
List the prime factors of 323079.
3, 107693
List the prime factors of 8714236.
2, 19, 114661
List the prime factors of 3561349.
11, 323759
What are the prime factors of 1966455?
3, 5, 89, 491
List the prime factors of 8806174.
2, 13, 577, 587
What are the prime factors of 6525975?
3, 5, 87013
List the prime factors of 107399.
211, 509
List the prime factors of 6693337.
7, 37, 43, 601
What are the prime factors of 278458?
2, 29, 4801
What are the prime factors of 10017532?
2, 7, 71, 5039
What are the prime factors of 24877186?
2, 29, 229, 1873
List the prime factors of 146547.
3, 19, 857
What are the prime factors of 8592030?
2, 3, 5, 95467
What are the prime factors of 556865?
5, 111373
What are the prime factors of 3850420?
2, 5, 7, 3929
What are the prime factors of 5938854?
2, 3, 167, 5927
List the prime factors of 14749157.
1361, 10837
List the prime factors of 2300613.
3, 7, 71, 1543
What are the prime factors of 1255760?
2, 5, 11, 1427
List the prime factors of 120718.
2, 13, 4643
List the prime factors of 1228000.
2, 5, 307
What are the prime factors of 481689?
3, 13, 23, 179
What are the prime factors of 285063?
3, 95021
List the prime factors of 1212512.
2, 7, 5413
What are the prime factors of 3926264?
2, 490783
List the prime factors of 20012710.
2, 5, 1297, 1543
What are the prime factors of 30350?
2, 5, 607
List the prime factors of 8804388.
2, 3, 107, 6857
What are the prime factors of 20745585?
3, 5, 7, 29, 757
What are the prime factors of 2346295?
5, 7, 43, 1559
What are the prime factors of 4211203?
4211203
List the prime factors of 1660684.
2, 415171
What are the prime factors of 4409169?
3, 23, 63901
List the prime factors of 2028361.
31, 59, 1109
List the prime factors of 1756951.
7, 250993
List the prime factors of 1905024.
2, 3, 11, 41
What are the prime factors of 56621?
41, 1381
What are the prime factors of 620504?
2, 77563
List the prime factors of 280297.
280297
List the prime factors of 1369840.
2, 5, 17123
List the prime factors of 11778237.
3, 436231
What are the prime factors of 663018?
2, 3, 110503
List the prime factors of 8708693.
7, 1244099
What are the prime factors of 4845735?
3, 5, 257, 419
List the prime factors of 474476.
2, 118619
What are the prime factors of 13264919?
29, 457411
List the prime factors of 307273.
307273
What are the prime factors of 30103610?
2, 5, 563, 5347
List the prime factors of 88864.
2, 2777
List the prime factors of 237343.
237343
List the prime factors of 573908.
2, 143477
List the prime factors of 2432274.
2, 3, 13, 31183
List the prime factors of 16645911.
3, 101, 137, 401
List the prime factors of 723850.
2, 5, 31, 467
List the prime factors of 78148.
2, 7, 2791
List the prime factors of 23803382.
2, 11901691
List the prime factors of 362279.
61, 5939
What are the prime factors of 6115?
5, 1223
List the prime factors of 23847209.
17, 607, 2311
List the prime factors of 120550.
2, 5, 2411
List the prime factors of 16397266.
2, 19, 47, 9181
List the prime factors of 2295832.
2, 7, 11, 3727
List the prime factors of 159802.
2, 79901
What are the prime factors of 53229?
3, 11, 1613
What are the prime factors of 1241518?
2, 620759
What are the prime factors of 1969928?
2, 246241
What are the prime factors of 1529688?
2, 3, 63737
What are the prime factors of 198922?
2, 79, 1259
List the prime factors of 2044848.
2, 3, 13, 29, 113
List the prime factors of 880139.
13, 79, 857
What are the prime factors of 3908689?
23, 169943
What are the prime factors of 3112202?
2, 107, 14543
What are the prime factors of 350512?
2, 19, 1153
List the prime factors of 893105.
5, 178621
List the prime factors of 28142918.
2, 14071459
What are the prime factors of 1169957?
17, 68821
What are the prime factors of 4283233?
397, 10789
What are the prime factors of 369908?
2, 7, 11, 1201
What are the prime factors of 2669337?
3, 11, 59, 457
What are the prime factors of 1356330?
2, 3, 5, 29, 1559
List the prime factors of 2461367.
1303, 1889
What are the prime factors of 1795158?
2, 3, 19, 29, 181
List the prime factors of 220798.
2, 53, 2083
What are the prime factors of 522257?
17, 31, 991
What are the prime factors of 402884?
2, 47, 2143
List the prime factors of 138770.
2, 5, 13877
What are the prime factors of 2297960?
2, 5, 7, 29, 283
List the prime factors of 1682940.
2, 3, 5, 7, 4007
List the prime factors of 5283633.
3, 191, 9221
What are the prime factors of 1722149?
11, 13, 12043
List the prime factors of 597913.
419, 1427
What are the prime factors of 103908?
2, 3, 7, 1237
List the prime factors of 2614222.
2, 13, 100547
What are the prime factors of 4913816?
2, 17, 36131
List the prime factors of 2880021.
3, 17, 149, 379
What are the prime factors of 1165384?
2, 11, 17, 19, 41
List the prime factors of 359422.
2, 7, 25673
List the prime factors of 2300723.
367, 6269
What are the prime factors of 491114?
2, 13, 1453
What are the prime factors of 1023709?
59, 17351
List the prime factors of 1904813.
769, 2477
What are the prime factors of 1171874?
2, 11, 53267
What are the prime factors of 213969?
3, 7, 23, 443
List the prime factors of 38906.
2, 7, 397
What are the prime factors of 11043041?
1031, 10711
What are the prime factors of 1118030?
2, 5, 23, 4861
List the prime factors of 125839.
7, 17977
List the prime factors of 1288142.
2, 67, 961